{"id":3972,"date":"2022-02-09T13:45:29","date_gmt":"2022-02-09T12:45:29","guid":{"rendered":"https:\/\/svb.bap.cc\/lindauer-fruchtgarten\/?page_id=3972"},"modified":"2023-10-11T16:03:02","modified_gmt":"2023-10-11T14:03:02","slug":"datenschutzerklaerung","status":"publish","type":"page","link":"https:\/\/www.saefte-vom-bodensee.de\/lindauer-fruchtgarten\/datenschutzerklaerung\/","title":{"rendered":"Datenschutzerkl\u00e4rung"},"content":{"rendered":"\t\t<div data-elementor-type=\"wp-page\" data-elementor-id=\"3972\" class=\"elementor elementor-3972\" data-elementor-post-type=\"page\">\n\t\t\t\t\t\t<section class=\"elementor-section elementor-top-section elementor-element elementor-element-7ce1728 elementor-section-boxed elementor-section-height-default elementor-section-height-default\" data-id=\"7ce1728\" data-element_type=\"section\" data-e-type=\"section\" data-settings=\"{&quot;background_background&quot;:&quot;classic&quot;}\">\n\t\t\t\t\t\t\t<div class=\"elementor-background-overlay\"><\/div>\n\t\t\t\t\t\t\t<div class=\"elementor-container elementor-column-gap-default\">\n\t\t\t\t\t<div class=\"elementor-column elementor-col-100 elementor-top-column elementor-element elementor-element-e12587f\" data-id=\"e12587f\" data-element_type=\"column\" data-e-type=\"column\">\n\t\t\t<div class=\"elementor-widget-wrap elementor-element-populated\">\n\t\t\t\t\t\t<div class=\"elementor-element elementor-element-3d03eb1 elementor-widget elementor-widget-heading\" data-id=\"3d03eb1\" data-element_type=\"widget\" data-e-type=\"widget\" data-widget_type=\"heading.default\">\n\t\t\t\t<div class=\"elementor-widget-container\">\n\t\t\t\t\t<h2 class=\"elementor-heading-title elementor-size-default\">Datenschutzerkl\u00e4rung<\/h2>\t\t\t\t<\/div>\n\t\t\t\t<\/div>\n\t\t\t\t<div class=\"elementor-element elementor-element-a914046 elementor-widget elementor-widget-text-editor\" data-id=\"a914046\" data-element_type=\"widget\" data-e-type=\"widget\" data-widget_type=\"text-editor.default\">\n\t\t\t\t<div class=\"elementor-widget-container\">\n\t\t\t\t\t\t\t\t\t<p><u>Verantwortliche Stelle \/ Diensteanbieter<\/u><br \/>Die nachfolgende Datenschutzerkl\u00e4rung gilt f\u00fcr die Datenverarbeitung durch:<\/p><p>Lindauer Bodensee-Fruchts\u00e4fte GmbH<br \/>Kellereiweg 8<br \/>88131 Lindau<\/p><p><span id=\"cloak145cb418b78124846be3c8cb95895443\"><a style=\"color: #003d1f; font-family: Barlow;\" href=\"mailto:info@lindauer-fruchtgarten.de\">info@lindauer-fruchtgarten.de<\/a><br \/><\/span><span style=\"letter-spacing: 0px;\">Telefon: <\/span><a style=\"letter-spacing: 0px; color: #003d1f; font-family: Barlow;\" href=\"tel:0049838294910\">+49 (0) 8382 9491 0<\/a><br \/><span style=\"letter-spacing: 0px;\">Telefax: +49 (0) 8382 9491 24<br \/><\/span><span style=\"letter-spacing: 0px;\">Gesch\u00e4ftsf\u00fchrer: Klaus Widemann \/ Kurt Widemann<\/span><\/p><p><u>Datenschutzbeauftragter<\/u><\/p><p>Unser Datenschutzbeauftragter ist sowohl unter der oben angegebenen Anschrift, als auch unter\u00a0<span id=\"cloak626f44b04499aecd59482674536fb6ad\"><\/span><a style=\"color: #003d1f; font-family: Barlow;\" href=\"mailto:datenschutz@lindauer-fruchtgarten.de\">datenschutz@lindauer-fruchtgarten.de<\/a>\u00a0erreichbar.<\/p><p><u>Verarbeitung personenbezogener Daten<\/u><\/p><p>Bei Ihrem Besuch unserer Website werden von uns keine personenbezogenen Daten erhoben, mit Ausnahme der Daten, welche Ihr Browser automatisch \u00fcbermittelt. Hierbei handelt es sich um:<\/p><p>&#8211; IP-Adresse<br \/><span style=\"letter-spacing: 0px;\">&#8211; Datum und Uhrzeit Ihres Besuches<br \/><\/span><span style=\"letter-spacing: 0px;\">&#8211; Name und URL der aufgerufenen Seite<br \/><\/span><span style=\"letter-spacing: 0px;\">&#8211; Webseite, von der Ihr Zugriff erfolgt<br \/><\/span><span style=\"letter-spacing: 0px;\">&#8211; Browser sowie Betriebssystem<br \/><\/span><span style=\"letter-spacing: 0px;\">&#8211; \u00dcbertragene Datenmenge und Zugriffsstatus<\/span><\/p><p>Diese Daten werden erfasst, um einen reibungslosen und komfortablen Zugang zu unserer Website zu erm\u00f6glichen. Rechtsgrundlage hierf\u00fcr ist Art. 6 Abs. 1 S. 1 lit. f DSGVO. Eine personenbezogene Auswertung der Daten findet nicht statt.<\/p><p><u>Kontaktformular<\/u><\/p><p>Wir verarbeiten zudem die personenbezogenen Daten, welche Sie uns \u00fcber unser Kontaktformular, Bewerbungsformular, Anmeldung zum Newsletter oder ein Gewinnspiel zur Verf\u00fcgung stellen, wie etwa Vorname, Nachname, E-Mail-Adresse, Telefonnummer und Anschrift.<\/p><p>Der Zweck der Datenverarbeitung h\u00e4ngt hierbei von dem jeweiligen Formular ab. Sofern Sie uns personenbezogene Daten auf anderem Weg mitteilen, h\u00e4ngt auch hier der Zweck der Datenverarbeitung von Ihrem jeweiligen Anliegen ab. Rechtsgrundlage der Datenerhebung ist Art. 6 Abs. 1 Satz 1 lit. a und lit. f DSGVO. Unser berechtigtes Interesse zur Datenerhebung, gem\u00e4\u00df Art. 6 Abs. 1 Satz 1 lit. f DSGVO, liegt in der Bearbeitung Ihres jeweiligen Anliegens, etwa einer Bewerbung, der Anmeldung zum Newsletter oder einer Gewinnspielteilnahme.<\/p><p><u>Newsletter<\/u><\/p><p>Die Webseite nutzt Brevo f\u00fcr den Versand von Newslettern. Anbieter ist die Sendinblue GmbH, K\u00f6penicker Stra\u00dfe 126, 10179 Berlin, Deutschland.<\/p><p>Brevo ist ein Dienst, mit dem die Versendung von Newslettern durchgef\u00fchrt und deren Nutzung analysiert werden kann. Die von Ihnen bei der Anmeldung zu einem Newsletter angegebenen Daten werden auf den Servern von Brevo gespeichert.<\/p><p>Mithilfe von Brevo ist es uns m\u00f6glich, unsere Newsletter-Kampagnen zu analysieren. So k\u00f6nnen wir beispielsweise nachvollziehen, ob einzelne Newsletter ge\u00f6ffnet und welche Inhalte angeklickt wurden. Au\u00dferdem k\u00f6nnen wir erkennen, ob nach dem \u00d6ffnen\/ Anklicken bestimmte vorher definierte Aktionen durchgef\u00fchrt wurden (Conversion-Rate). Wir k\u00f6nnen so nachvollziehen, ob Sie nach dem Anklicken des Newsletters einen Kauf get\u00e4tigt haben. Brevo erm\u00f6glicht es uns auch, die Newsletter-Empf\u00e4nger anhand verschiedener Merkmale einzuteilen. So lassen sich die Newsletter besser an die jeweiligen Zielgruppen anpassen.<\/p><p>Ausf\u00fchrliche Informationen zum zu den Funktionen von Brevo entnehmen Sie folgendem Link:\u00a0<a href=\"https:\/\/www.brevo.com\/de\/features\/email-marketing\/\">https:\/\/www.brevo.com\/de\/features\/email-marketing\/<\/a>.<\/p><p>Die Verarbeitung Ihrer Daten f\u00fcr Newsletter erfolgt auf Grundlage Ihrer Einwilligung (Art. 6 Abs. 1 lit. a DSGVO). Sie k\u00f6nnen diese Einwilligung jederzeit widerrufen. Die Rechtm\u00e4\u00dfigkeit der bereits erfolgten Verarbeitungen bleibt vom Widerruf unber\u00fchrt.<\/p><p>Die von f\u00fcr den Newsletterversand bei uns hinterlegten Daten werden bis zu einer allf\u00e4lligen Abmeldung des Newsletters gespeichert und nach der Abbestellung des Newsletters sowohl von unseren Servern als auch von den Servern von Brevo gel\u00f6scht. Daten, die zu anderen Zwecken bei uns gespeichert wurden, bleiben hiervon unber\u00fchrt.<\/p><p>Wir haben mit Brevo eine Auftragsverarbeitungsvereinbarung abgeschlossen, in der sich Brevo verpflichtet, die Daten unserer Kunden zu sch\u00fctzen und sie nicht an Dritte weiterzugeben. Der Inhalt dieser Vereinbarung kann unter folgendem Link eingesehen werden:\u00a0<a href=\"https:\/\/www.brevo.com\/de\/wp-content\/uploads\/sites\/3\/2022\/11\/DPA-Sendinblue-Version-10.pdf\">https:\/\/www.brevo.com\/de\/wp-content\/uploads\/sites\/3\/2022\/11\/DPA-Sendinblue-Version-10.pdf<\/a>.<\/p><p><u>Weitergabe von Daten<\/u><\/p><p>Im Rahmen unserer Datenverarbeitung kann eine Offenbarung, \u00dcbermittlung oder anderweitige Zugriffsm\u00f6glichkeit gegen\u00fcber Dritten einger\u00e4umt werden. Dies geschieht jedoch nur auf Grundlage einer gesetzlichen Erlaubnis. Sofern wir uns anderer Unternehmen als Auftragsverarbeiter bedienen, haben wir entsprechende Vereinbarungen auf Grundlage des Art. 28 DSGVO abgeschlossen. Eine Verarbeitung sowie Weitergabe Ihrer pers\u00f6nlichen Daten an Dritte findet ausschlie\u00dflich unter den nachfolgend aufgez\u00e4hlten Voraussetzungen statt:<\/p><p>\u2013 Die Weitergabe ist nach Art. 6 Abs. 1 S. 1 lit. b DSGVO f\u00fcr die Abwicklung eines Vertrages mit Ihnen, oder vorvertraglicher Ma\u00dfnahmen, welche auf Ihre Anfrage erfolgen, erforderlich.<\/p><p>\u2013 Die Weitergabe ist nach Art. 6 Abs. 1 S. 1 lit. f DSGVO zur Wahrnehmung unserer berechtigten Interessen, oder deren eines Dritten erforderlich, insbesondere zur Geltendmachung, Aus\u00fcbung oder Verteidigung von Rechtsanspr\u00fcchen und es besteht kein Grund zur Annahme, dass ein \u00fcberwiegendes schutzw\u00fcrdiges Interesse an der Nichtweitergabe Ihrer Daten besteht.<\/p><p>\u2013 Die Weitergabe ist nach Art. 6 Abs. 1 S. 1 lit. c DSGVO zur Erf\u00fcllung einer rechtlichen Verpflichtung erforderlich, deren wir unterliegen.<\/p><p>\u2013 Sie haben nach Art. 6 Abs. 1 S. 1 lit. a DSGVO Ihre ausdr\u00fcckliche Einwilligung hierzu erteilt.<\/p><p><u><br \/>Cookies<\/u><\/p><p>Wir verwenden Cookies um die Nutzung unseres Internetangebotes f\u00fcr Sie angenehmer und einfacher zu machen und unsere Website an Ihre Bed\u00fcrfnisse und Surfgewohnheiten anpassen zu k\u00f6nnen. Cookies sind kleine Dateien, welche Ihr Browser automatisch erstellt und auf ihrem verwendeten Endger\u00e4t speichert, wenn Sie unsere Seite besuchen. Sie erm\u00f6glichen unserer Seite zu erkennen, dass Sie bereits bei uns waren und k\u00f6nnen die von Ihnen bereits get\u00e4tigten Eingaben und Einstellungen automatisch erkennen, um keine erneute Eingabe vornehmen zu m\u00fcssen. Eine Zuordnung zu bestimmten Personen ist nicht m\u00f6glich. Cookies richten auf Ihrem Endger\u00e4t keinen Schaden an und enthalten keine Viren. Die durch Cookies erlangten Daten sind aus den benannten Zwecken zur Wahrung unserer berechtigten Interessen sowie der Dritter gem\u00e4\u00df Art. 6 Abs. 1 S. 1 lit. f DSGVO erforderlich. Die meisten Browser akzeptieren Cookies automatisch. Sie haben jedoch die M\u00f6glichkeit die Speicherung von Cookies in den Einstellungen der meisten Browser zu deaktivieren, zu beschr\u00e4nken oder zu l\u00f6schen.<\/p><p><u>Google Analytics<\/u><\/p><p>Wir verwenden Google Analytics, einen Webanalysedienst. Google Analytics erstellt pseudonymisierte Nutzungsprofile und verwendet ebenfalls Cookies, Textdateien, die auf Ihrem Computer gespeichert werden und die eine Analyse der Benutzung der Website durch Sie erm\u00f6glichen, um insbesondere eine bedarfsgerechte Gestaltung unserer Website erm\u00f6glichen zu k\u00f6nnen, um Ihr Nutzungsverhalten unserer Website auszuwerten, um Reports \u00fcber die Websiteaktivit\u00e4ten zusammenzustellen und um uns gegen\u00fcber weitere mit der Websitenutzung und der Internetnutzung verbundene Dienstleistungen zu erbringen. Eine Zusammenf\u00fchrung der im Rahmen von Google Analytics von Ihrem Browser \u00fcbermittelte IP-Adresse mit anderen Daten von Google erfolgt nicht. Sie k\u00f6nnen die Speicherung von Cookies durch eine entsprechende Einstellung Ihres Browsers verhindern. Bei vollst\u00e4ndiger Deaktivierung von Cookies kann jedoch nicht gew\u00e4hrleistet werden, dass sie alle Funktionen unserer Website nutzen k\u00f6nnen. Dar\u00fcber hinaus k\u00f6nnen Sie der Erfassung der durch Cookies erzeugten und auf Ihre Nutzung der Website bezogenen Daten &#8211; einschlie\u00dflich Ihrer IP-Adresse &#8211; an Google sowie die Verarbeitung dieser Daten durch Google verhindern, indem sie ein Browser-Add-on herunterladen und installieren (<a style=\"letter-spacing: 0px; color: #003d1f; font-family: Barlow;\" href=\"https:\/\/tools.google.com\/dlpage\/gaoptout?hl=de\">https:\/\/tools.google.com\/dlpage\/gaoptout?hl=de<\/a>).<\/p><p>Weitere Datenschutzinformationen zu Google Analytics k\u00f6nnen Sie direkt in der Google Analytics-Hilfe einsehen (<a style=\"letter-spacing: 0px; color: #003d1f; font-family: Barlow;\" href=\"https:\/\/support.google.com\/analytics\/answer\/6004245?hl=de)\">https:\/\/support.google.com\/analytics\/answer\/6004245?hl=de<\/a>).<\/p><p><u>Externe Links<\/u><\/p><p>Sofern Links auf externe Seiten auf unserer Website bereitgestellt werden gilt diese Datenschutzerkl\u00e4rung nicht f\u00fcr deren Inhalte. Ob und welche Daten auf anderen Websites erfasst werden entzieht sich sowohl unserer Kenntnis als auch unserer Verantwortung.<\/p><p><u>Dauer der Verarbeitung<\/u><\/p><p>Die von uns verwendete Cookies werden f\u00fcr ein Jahr nach Ihrem letzten Besuch gespeichert. Sofern von Drittanbietern Cookies und IP-Adressen verarbeitet werden, haben wir auf die Dauer der Verarbeitung keinen Einfluss. Wir haben die Links zu den Datenschutzerkl\u00e4rungen der Drittanbieter in dem jeweiligen Abschnitt hinterlegt, sodass Sie sich unmittelbar dort \u00fcber die Dauer der Verarbeitung informieren k\u00f6nnen.<\/p><p>Etwaige von Ihnen zur Verf\u00fcgung gestellte Daten speichern wir so lange, wie wir Sie f\u00fcr die Bearbeitung Ihres Anliegens ben\u00f6tigen, sofern diese Daten nicht l\u00e4ngeren, etwa steuerrechtlichen und handelsrechtlichen Aufbewahrungsfristen oder anderen gesetzlichen Aufbewahrungsfristen unterliegen. Die hier g\u00fcltigen Aufbewahrungsfristen liegen zwischen 2 und 10 Jahren. Eine dar\u00fcberhinausgehende Speicherung bedarf Ihrer Einwilligung.<\/p><p><u>Betroffenenrechte<\/u><\/p><p>Ihnen sowie sonstigen betroffenen Personen stehen hinsichtlich Ihrer personenbezogenen Daten nachfolgende Rechte zu:<\/p><p>\u2013 Recht auf Auskunft gem\u00e4\u00df Art. 15 DSGVO<\/p><p>Hierin liegt sowohl ein Recht auf Best\u00e4tigung, ob wir von Ihnen personenbezogene Daten verarbeiten, also auch insbesondere ein Recht auf Auskunft zu welchem Zweck die Verarbeitung erfolgt, welche Kategorien von Daten verarbeitet werden, welchen Empf\u00e4ngern diese Daten offengelegt worden sind, sowie die geplante Dauer der Datenspeicherung.<\/p><p>\u2013 Recht auf Berichtigung gem\u00e4\u00df Art. 16 DSGVO<\/p><p>Sie haben das Recht, die unverz\u00fcgliche Berichtigung unrichtiger, als auch die Vervollst\u00e4ndigung Ihrer unvollst\u00e4ndig bei uns gespeicherten, personenbezogenen Daten zu verlangen.<\/p><p>\u2013 Recht auf L\u00f6schung gem\u00e4\u00df Art. 17 DSGVO<\/p><p>Sie haben das Recht, die unverz\u00fcgliche L\u00f6schung Ihrer von uns gespeicherten personenbezogenen Daten zu verlangen, sofern deren Verarbeitung nicht zur Erf\u00fcllung einer rechtlichen Verpflichtung, zur Aus\u00fcbung, Geltendmachung oder Verteidigung von Rechtsanspr\u00fcchen, oder aus Gr\u00fcnden des \u00f6ffentlichen Interesses erforderlich ist.<\/p><p>\u2013 Recht auf Einschr\u00e4nkung der Verarbeitung gem\u00e4\u00df Art. 18 DSGVO<\/p><p>Sie haben das Recht die Einschr\u00e4nkung der Verarbeitung Ihrer personenbezogenen Daten zu verlangen, soweit deren Richtigkeit von Ihnen bestritten wird, die Verarbeitung unrechtm\u00e4\u00dfig ist, Sie allerdings deren L\u00f6schung ablehnen, wir die Daten nicht l\u00e4nger ben\u00f6tigen, Sie jedoch diese zur Geltendmachung, Aus\u00fcbung oder Verteidigung von Rechtsanspr\u00fcchen ben\u00f6tigen oder Sie Widerspruch gegen die Verarbeitung gem\u00e4\u00df Art. 21 Abs. 1 DSGVO eingelegt haben.<\/p><p>\u2013 Recht auf Daten\u00fcbertragbarkeit gem\u00e4\u00df Art. 20 DSGVO<\/p><p>Sie haben das Recht, die uns von Ihnen bereitgestellten personenbezogenen Daten in einem g\u00e4ngigen und maschinenlesbaren Format zu erhalten, oder deren \u00dcbermittlung an einen anderen Verantwortlichen zu verlangen.<\/p><p>\u2013 Recht auf Widerruf der Einwilligung gem\u00e4\u00df Art. 7 Abs. 3 DSGVO<\/p><p>Sie haben das Recht, die von Ihnen erteilte Einwilligung jederzeit zu widerrufen. Die bis zum Widerruf erfolgte Verarbeitung wird hiervon nicht ber\u00fchrt.<\/p><p>\u2013 Recht auf Beschwerde gem\u00e4\u00df Art. 77 DSGVO<\/p><p>Sie haben das Recht, sich bei einer Aufsichtsbeh\u00f6rde zu beschweren. Insbesondere kommen hierf\u00fcr die Aufsichtsbeh\u00f6rden an Ihrem Aufenthaltsort, ihrem Arbeitsplatz sowie unserem Sitz in Betracht. Die f\u00fcr uns zust\u00e4ndige Datenschutzbeh\u00f6rde ist:<\/p><p>Bayerisches Landesamt f\u00fcr Datenschutzaufsicht<br \/>Promenade 27 (Schloss)<br \/>91522 Ansbach<br \/>Telefon: <a style=\"letter-spacing: 0px; color: #003d1f; font-family: Barlow;\" href=\"tel:0049981531300\">+49 (0) 981 53 1300<\/a><br \/>Telefax: +49 (0) 981 53 98 1300<br \/>E-Mail: <a style=\"letter-spacing: 0px; color: #003d1f; font-family: Barlow;\" href=\"mailto:poststelle@lda.bayern.de\">poststelle@lda.bayern.de<\/a><br \/><a style=\"letter-spacing: 0px; color: #003d1f; font-family: Barlow;\" href=\"https:\/\/www.lda.bayern.de\">https:\/\/www.lda.bayern.de<\/a><\/p><p><u>Widerspruchsrecht<\/u><\/p><p>Sie haben ein formloses Widerspruchsrecht gem\u00e4\u00df Art. 21 DSGVO, sofern Ihre personenbezogenen Daten aufgrund von Art. 6 Abs. 1 S.1 lit. e oder f DSGVO verarbeitet werden und Gr\u00fcnde vorliegen, die sich aus Ihrer besonderen Situation ergeben, oder der Widerspruch sich gegen Direktwerbung richtet.<\/p><p><u>Datensicherheit<\/u><\/p><p>Wir bedienen uns sowohl technischer als auch organisatorischer Sicherheitsma\u00dfnahmen, um Ihre Daten insbesondere gegen Manipulation, Verlust, Zerst\u00f6rung oder unbefugten Zugriff Dritter zu sch\u00fctzen. Die bestehenden Sicherheitsma\u00dfnahmen werden fortlaufend \u00fcberpr\u00fcft und verbessert.<\/p><p><u>Stand und Aktualisierung<\/u><\/p><p>Diese Datenschutzerkl\u00e4rung hat den Stand M\u00e4rz 2023.<\/p><p>Aufgrund gesetzlicher bzw. beh\u00f6rdlicher Vorgaben sowie technischen Weiterentwicklungen unserer Website kann es erforderlich werden, Anpassungen an dieser Datenschutzerkl\u00e4rung vorzunehmen. Die jeweils aktuelle Datenschutzerkl\u00e4rung kann auf unserer Website von Ihnen abgerufen und ausgedruckt werden.<\/p>\t\t\t\t\t\t\t\t<\/div>\n\t\t\t\t<\/div>\n\t\t\t\t\t<\/div>\n\t\t<\/div>\n\t\t\t\t\t<\/div>\n\t\t<\/section>\n\t\t\t\t<\/div>\n\t\t","protected":false},"excerpt":{"rendered":"","protected":false},"author":1,"featured_media":0,"parent":0,"menu_order":0,"comment_status":"closed","ping_status":"closed","template":"elementor_header_footer","meta":{"footnotes":""},"class_list":["post-3972","page","type-page","status-publish","hentry"],"yoast_head":"<!-- This site is optimized with the Yoast SEO plugin v27.2 - https:\/\/yoast.com\/product\/yoast-seo-wordpress\/ -->\n<title>Datenschutzerkl\u00e4rung - Lindauer Fruchtgarten<\/title>\n<meta name=\"robots\" content=\"index, follow, max-snippet:-1, max-image-preview:large, max-video-preview:-1\" \/>\n<link rel=\"canonical\" href=\"https:\/\/www.saefte-vom-bodensee.de\/lindauer-fruchtgarten\/datenschutzerklaerung\/\" \/>\n<meta property=\"og:locale\" content=\"de_DE\" \/>\n<meta property=\"og:type\" content=\"article\" \/>\n<meta property=\"og:title\" content=\"Datenschutzerkl\u00e4rung - Lindauer Fruchtgarten\" \/>\n<meta property=\"og:url\" content=\"https:\/\/www.saefte-vom-bodensee.de\/lindauer-fruchtgarten\/datenschutzerklaerung\/\" \/>\n<meta property=\"og:site_name\" content=\"Lindauer Fruchtgarten\" \/>\n<meta property=\"article:modified_time\" content=\"2023-10-11T14:03:02+00:00\" \/>\n<meta name=\"twitter:card\" content=\"summary_large_image\" \/>\n<meta name=\"twitter:label1\" content=\"Gesch\u00e4tzte Lesezeit\" \/>\n\t<meta name=\"twitter:data1\" content=\"10\u00a0Minuten\" \/>\n<!-- \/ Yoast SEO plugin. -->","yoast_head_json":{"title":"Datenschutzerkl\u00e4rung - Lindauer Fruchtgarten","robots":{"index":"index","follow":"follow","max-snippet":"max-snippet:-1","max-image-preview":"max-image-preview:large","max-video-preview":"max-video-preview:-1"},"canonical":"https:\/\/www.saefte-vom-bodensee.de\/lindauer-fruchtgarten\/datenschutzerklaerung\/","og_locale":"de_DE","og_type":"article","og_title":"Datenschutzerkl\u00e4rung - Lindauer Fruchtgarten","og_url":"https:\/\/www.saefte-vom-bodensee.de\/lindauer-fruchtgarten\/datenschutzerklaerung\/","og_site_name":"Lindauer Fruchtgarten","article_modified_time":"2023-10-11T14:03:02+00:00","twitter_card":"summary_large_image","twitter_misc":{"Gesch\u00e4tzte Lesezeit":"10\u00a0Minuten"},"schema":{"@context":"https:\/\/schema.org","@graph":[{"@type":"WebPage","@id":"https:\/\/www.saefte-vom-bodensee.de\/lindauer-fruchtgarten\/datenschutzerklaerung\/","url":"https:\/\/www.saefte-vom-bodensee.de\/lindauer-fruchtgarten\/datenschutzerklaerung\/","name":"Datenschutzerkl\u00e4rung - Lindauer Fruchtgarten","isPartOf":{"@id":"https:\/\/www.saefte-vom-bodensee.de\/lindauer-fruchtgarten\/#website"},"datePublished":"2022-02-09T12:45:29+00:00","dateModified":"2023-10-11T14:03:02+00:00","breadcrumb":{"@id":"https:\/\/www.saefte-vom-bodensee.de\/lindauer-fruchtgarten\/datenschutzerklaerung\/#breadcrumb"},"inLanguage":"de","potentialAction":[{"@type":"ReadAction","target":["https:\/\/www.saefte-vom-bodensee.de\/lindauer-fruchtgarten\/datenschutzerklaerung\/"]}]},{"@type":"BreadcrumbList","@id":"https:\/\/www.saefte-vom-bodensee.de\/lindauer-fruchtgarten\/datenschutzerklaerung\/#breadcrumb","itemListElement":[{"@type":"ListItem","position":1,"name":"Startseite","item":"https:\/\/www.saefte-vom-bodensee.de\/lindauer-fruchtgarten\/"},{"@type":"ListItem","position":2,"name":"Datenschutzerkl\u00e4rung"}]},{"@type":"WebSite","@id":"https:\/\/www.saefte-vom-bodensee.de\/lindauer-fruchtgarten\/#website","url":"https:\/\/www.saefte-vom-bodensee.de\/lindauer-fruchtgarten\/","name":"Lindauer Fruchtgarten","description":"","potentialAction":[{"@type":"SearchAction","target":{"@type":"EntryPoint","urlTemplate":"https:\/\/www.saefte-vom-bodensee.de\/lindauer-fruchtgarten\/?s={search_term_string}"},"query-input":{"@type":"PropertyValueSpecification","valueRequired":true,"valueName":"search_term_string"}}],"inLanguage":"de"}]}},"acf":[],"_links":{"self":[{"href":"https:\/\/www.saefte-vom-bodensee.de\/lindauer-fruchtgarten\/wp-json\/wp\/v2\/pages\/3972","targetHints":{"allow":["GET"]}}],"collection":[{"href":"https:\/\/www.saefte-vom-bodensee.de\/lindauer-fruchtgarten\/wp-json\/wp\/v2\/pages"}],"about":[{"href":"https:\/\/www.saefte-vom-bodensee.de\/lindauer-fruchtgarten\/wp-json\/wp\/v2\/types\/page"}],"author":[{"embeddable":true,"href":"https:\/\/www.saefte-vom-bodensee.de\/lindauer-fruchtgarten\/wp-json\/wp\/v2\/users\/1"}],"replies":[{"embeddable":true,"href":"https:\/\/www.saefte-vom-bodensee.de\/lindauer-fruchtgarten\/wp-json\/wp\/v2\/comments?post=3972"}],"version-history":[{"count":0,"href":"https:\/\/www.saefte-vom-bodensee.de\/lindauer-fruchtgarten\/wp-json\/wp\/v2\/pages\/3972\/revisions"}],"wp:attachment":[{"href":"https:\/\/www.saefte-vom-bodensee.de\/lindauer-fruchtgarten\/wp-json\/wp\/v2\/media?parent=3972"}],"curies":[{"name":"wp","href":"https:\/\/api.w.org\/{rel}","templated":true}]}}